{"id":222,"date":"2026-02-10T09:52:18","date_gmt":"2026-02-10T08:52:18","guid":{"rendered":"https:\/\/securex.edu.pl\/?page_id=222"},"modified":"2026-02-12T14:24:16","modified_gmt":"2026-02-12T13:24:16","slug":"o-kongresie","status":"publish","type":"page","link":"https:\/\/securex.edu.pl\/?page_id=222","title":{"rendered":"O kongresie"},"content":{"rendered":"<div class=\"kb-row-layout-wrap kb-row-layout-id222_7a042c-92 alignnone wp-block-kadence-rowlayout\"><div class=\"kt-row-column-wrap kt-has-1-columns kt-row-layout-equal kt-tab-layout-inherit kt-mobile-layout-row kt-row-valign-top\">\n\n<div class=\"wp-block-kadence-column kadence-column222_7f90cc-21\"><div class=\"kt-inside-inner-col\">\n<div class=\"wp-block-kadence-advancedbtn kb-buttons-wrap kb-btns222_31cd26-63\"><a class=\"kb-button kt-button button kb-btn222_bdbd68-da kt-btn-size-large kt-btn-width-type-auto kb-btn-global-fill  kt-btn-has-text-true kt-btn-has-svg-true  wp-block-kadence-singlebtn\" href=\"https:\/\/securex.edu.pl\/wp-content\/uploads\/2026\/02\/Plan-Obrad-Securex.pdf\" target=\"_blank\" rel=\"noreferrer noopener\"><span class=\"kt-btn-inner-text\">Pobierz program wydarzenia<\/span><span class=\"kb-svg-icon-wrap kb-svg-icon-ic_transferDownload kt-btn-icon-side-right\"><svg viewBox=\"0 0 8 8\"  fill=\"currentColor\" xmlns=\"http:\/\/www.w3.org\/2000\/svg\"  aria-hidden=\"true\"><path d=\"M3 0v3h-2l3 3 3-3h-2v-3h-2zm-3 7v1h8v-1h-8z\"\/><\/svg><\/span><\/a><\/div>\n<\/div><\/div>\n\n<\/div><\/div>\n\n<div class=\"kb-row-layout-wrap kb-row-layout-id222_0cfa30-77 alignnone has-custom-color-3-background-color kt-row-has-bg wp-block-kadence-rowlayout\"><div class=\"kt-row-column-wrap kt-has-2-columns kt-row-layout-equal kt-tab-layout-inherit kt-mobile-layout-row kt-row-valign-top kt-inner-column-height-full kb-theme-content-width\">\n\n<div class=\"wp-block-kadence-column kadence-column222_c7f18d-16\"><div class=\"kt-inside-inner-col\">\n<h1 class=\"kt-adv-heading222_be0a30-4a wp-block-kadence-advancedheading\" data-kb-block=\"kb-adv-heading222_be0a30-4a\">Nasza misja<\/h1>\n\n\n\n<p class=\"kt-adv-heading222_f7feae-22 wp-block-kadence-advancedheading\" data-kb-block=\"kb-adv-heading222_f7feae-22\">Mi\u0119dzynarodowy Kongres Zabezpiecze\u0144 Technicznych to wyj\u0105tkowe wydarzenie stanowi\u0105ce przestrze\u0144 do dialogu pomi\u0119dzy dostawcami rozwi\u0105za\u0144 i us\u0142ug, projektantami, instalatorami i klientami ko\u0144cowymi.<\/p>\n\n\n\n<p class=\"kt-adv-heading222_ca662e-e2 wp-block-kadence-advancedheading\" data-kb-block=\"kb-adv-heading222_ca662e-e2\">Jeste\u015b specjalist\u0105\/naukowcem w dziedzinie zabezpiecze\u0144 technicznych? Chcesz przedstawi\u0107 innowacyjne rozwi\u0105zania?<\/p>\n\n\n\n<p class=\"kt-adv-heading222_64bdcb-3c wp-block-kadence-advancedheading\" data-kb-block=\"kb-adv-heading222_64bdcb-3c\">Zg\u0142o\u015b swoje wyst\u0105pienie!<\/p>\n\n\n\n<div class=\"wp-block-kadence-advancedbtn kb-buttons-wrap kb-btns222_00162b-e8\"><a class=\"kb-button kt-button button kb-btn222_bb380b-81 kt-btn-size-large kt-btn-width-type-auto kb-btn-global-fill  kt-btn-has-text-true kt-btn-has-svg-false  wp-block-kadence-singlebtn\" href=\"https:\/\/securex.edu.pl\/?page_id=226\/#rejestracja\"><span class=\"kt-btn-inner-text\">Zarejestruj si\u0119!<\/span><\/a><\/div>\n<\/div><\/div>\n\n\n\n<div class=\"wp-block-kadence-column kadence-column222_c2fd46-3e\"><div class=\"kt-inside-inner-col\"><\/div><\/div>\n\n<\/div><\/div>\n\n<div class=\"kb-row-layout-wrap kb-row-layout-id222_221e8e-47 alignnone has-custom-color-6-background-color kt-row-has-bg wp-block-kadence-rowlayout\"><div class=\"kt-row-column-wrap kt-has-2-columns kt-row-layout-equal kt-tab-layout-inherit kt-mobile-layout-row kt-row-valign-top kt-inner-column-height-full kb-theme-content-width\">\n\n<div class=\"wp-block-kadence-column kadence-column222_f7ba8a-43\"><div class=\"kt-inside-inner-col\"><\/div><\/div>\n\n\n\n<div class=\"wp-block-kadence-column kadence-column222_cc982b-dd\"><div class=\"kt-inside-inner-col\">\n<h1 class=\"kt-adv-heading222_286090-6f wp-block-kadence-advancedheading has-custom-color-1-color has-text-color\" data-kb-block=\"kb-adv-heading222_286090-6f\">Adresaci Kongresu<\/h1>\n\n\n\n<div class=\"wp-block-kadence-iconlist kt-svg-icon-list-items kt-svg-icon-list-items222_7f6c89-5d kt-svg-icon-list-columns-1 alignnone kt-list-icon-aligntop\"><ul class=\"kt-svg-icon-list\">\n<li class=\"wp-block-kadence-listitem kt-svg-icon-list-item-wrap kt-svg-icon-list-item-222_6fd2f8-7f\"><span class=\"kb-svg-icon-wrap kb-svg-icon-fas_check kt-svg-icon-list-single\"><svg viewBox=\"0 0 512 512\"  fill=\"currentColor\" xmlns=\"http:\/\/www.w3.org\/2000\/svg\"  aria-hidden=\"true\"><path d=\"M173.898 439.404l-166.4-166.4c-9.997-9.997-9.997-26.206 0-36.204l36.203-36.204c9.997-9.998 26.207-9.998 36.204 0L192 312.69 432.095 72.596c9.997-9.997 26.207-9.997 36.204 0l36.203 36.204c9.997 9.997 9.997 26.206 0 36.204l-294.4 294.401c-9.998 9.997-26.207 9.997-36.204-.001z\"\/><\/svg><\/span><span class=\"kt-svg-icon-list-text\">Przedstawiciele bran\u017cy zabezpiecze\u0144 technicznych Biura projektowe i&nbsp;architektoniczne <\/span><\/li>\n\n\n\n<li class=\"wp-block-kadence-listitem kt-svg-icon-list-item-wrap kt-svg-icon-list-item-222_b1fb98-66\"><span class=\"kb-svg-icon-wrap kb-svg-icon-fas_check kt-svg-icon-list-single\"><svg viewBox=\"0 0 512 512\"  fill=\"currentColor\" xmlns=\"http:\/\/www.w3.org\/2000\/svg\"  aria-hidden=\"true\"><path d=\"M173.898 439.404l-166.4-166.4c-9.997-9.997-9.997-26.206 0-36.204l36.203-36.204c9.997-9.998 26.207-9.998 36.204 0L192 312.69 432.095 72.596c9.997-9.997 26.207-9.997 36.204 0l36.203 36.204c9.997 9.997 9.997 26.206 0 36.204l-294.4 294.401c-9.998 9.997-26.207 9.997-36.204-.001z\"\/><\/svg><\/span><span class=\"kt-svg-icon-list-text\">Zarz\u0105dzaj\u0105cy bezpiecze\u0144stwem w&nbsp;budynkach u\u017cyteczno\u015bci publicznej i&nbsp;IK <\/span><\/li>\n\n\n\n<li class=\"wp-block-kadence-listitem kt-svg-icon-list-item-wrap kt-svg-icon-list-item-222_7bfd9b-66\"><span class=\"kb-svg-icon-wrap kb-svg-icon-fas_check kt-svg-icon-list-single\"><svg viewBox=\"0 0 512 512\"  fill=\"currentColor\" xmlns=\"http:\/\/www.w3.org\/2000\/svg\"  aria-hidden=\"true\"><path d=\"M173.898 439.404l-166.4-166.4c-9.997-9.997-9.997-26.206 0-36.204l36.203-36.204c9.997-9.998 26.207-9.998 36.204 0L192 312.69 432.095 72.596c9.997-9.997 26.207-9.997 36.204 0l36.203 36.204c9.997 9.997 9.997 26.206 0 36.204l-294.4 294.401c-9.998 9.997-26.207 9.997-36.204-.001z\"\/><\/svg><\/span><span class=\"kt-svg-icon-list-text\">Szefowie dzia\u0142\u00f3w bezpiecze\u0144stwa instytucji publicznych i&nbsp;komercyjnych <\/span><\/li>\n\n\n\n<li class=\"wp-block-kadence-listitem kt-svg-icon-list-item-wrap kt-svg-icon-list-item-222_f64642-10\"><span class=\"kb-svg-icon-wrap kb-svg-icon-fas_check kt-svg-icon-list-single\"><svg viewBox=\"0 0 512 512\"  fill=\"currentColor\" xmlns=\"http:\/\/www.w3.org\/2000\/svg\"  aria-hidden=\"true\"><path d=\"M173.898 439.404l-166.4-166.4c-9.997-9.997-9.997-26.206 0-36.204l36.203-36.204c9.997-9.998 26.207-9.998 36.204 0L192 312.69 432.095 72.596c9.997-9.997 26.207-9.997 36.204 0l36.203 36.204c9.997 9.997 9.997 26.206 0 36.204l-294.4 294.401c-9.998 9.997-26.207 9.997-36.204-.001z\"\/><\/svg><\/span><span class=\"kt-svg-icon-list-text\">Naukowcy, studenci <\/span><\/li>\n\n\n\n<li class=\"wp-block-kadence-listitem kt-svg-icon-list-item-wrap kt-svg-icon-list-item-222_3cf4cb-d2\"><span class=\"kb-svg-icon-wrap kb-svg-icon-fas_check kt-svg-icon-list-single\"><svg viewBox=\"0 0 512 512\"  fill=\"currentColor\" xmlns=\"http:\/\/www.w3.org\/2000\/svg\"  aria-hidden=\"true\"><path d=\"M173.898 439.404l-166.4-166.4c-9.997-9.997-9.997-26.206 0-36.204l36.203-36.204c9.997-9.998 26.207-9.998 36.204 0L192 312.69 432.095 72.596c9.997-9.997 26.207-9.997 36.204 0l36.203 36.204c9.997 9.997 9.997 26.206 0 36.204l-294.4 294.401c-9.998 9.997-26.207 9.997-36.204-.001z\"\/><\/svg><\/span><span class=\"kt-svg-icon-list-text\">Przedstawiciele instytucji bezpiecze\u0144stwa publicznego i&nbsp;sektora ochrony os\u00f3b i&nbsp;mienia <\/span><\/li>\n\n\n\n<li class=\"wp-block-kadence-listitem kt-svg-icon-list-item-wrap kt-svg-icon-list-item-222_4107c7-8b\"><span class=\"kb-svg-icon-wrap kb-svg-icon-fas_check kt-svg-icon-list-single\"><svg viewBox=\"0 0 512 512\"  fill=\"currentColor\" xmlns=\"http:\/\/www.w3.org\/2000\/svg\"  aria-hidden=\"true\"><path d=\"M173.898 439.404l-166.4-166.4c-9.997-9.997-9.997-26.206 0-36.204l36.203-36.204c9.997-9.998 26.207-9.998 36.204 0L192 312.69 432.095 72.596c9.997-9.997 26.207-9.997 36.204 0l36.203 36.204c9.997 9.997 9.997 26.206 0 36.204l-294.4 294.401c-9.998 9.997-26.207 9.997-36.204-.001z\"\/><\/svg><\/span><span class=\"kt-svg-icon-list-text\">Firmy detektywistyczne.<\/span><\/li>\n<\/ul><\/div>\n\n\n\n<div class=\"wp-block-kadence-advancedbtn kb-buttons-wrap kb-btns222_57c5bc-bb\"><a class=\"kb-button kt-button button kb-btn222_d3296c-31 kt-btn-size-large kt-btn-width-type-auto kb-btn-global-fill  kt-btn-has-text-true kt-btn-has-svg-false  wp-block-kadence-singlebtn\" href=\"https:\/\/securex.edu.pl\/?page_id=222\"><span class=\"kt-btn-inner-text\">Program wydarzenia<\/span><\/a><\/div>\n<\/div><\/div>\n\n<\/div><\/div>","protected":false},"excerpt":{"rendered":"<p>Nasza misja Mi\u0119dzynarodowy Kongres Zabezpiecze\u0144 Technicznych to wyj\u0105tkowe wydarzenie stanowi\u0105ce przestrze\u0144 do dialogu pomi\u0119dzy dostawcami rozwi\u0105za\u0144 i us\u0142ug, projektantami, instalatorami i klientami ko\u0144cowymi. Jeste\u015b specjalist\u0105\/naukowcem w dziedzinie zabezpiecze\u0144 technicznych? Chcesz przedstawi\u0107 innowacyjne rozwi\u0105zania? Zg\u0142o\u015b swoje wyst\u0105pienie! Adresaci Kongresu<\/p>\n","protected":false},"author":1,"featured_media":0,"parent":0,"menu_order":0,"comment_status":"closed","ping_status":"closed","template":"","meta":{"_acf_changed":false,"footnotes":""},"class_list":["post-222","page","type-page","status-publish","hentry"],"acf":[],"_links":{"self":[{"href":"https:\/\/securex.edu.pl\/index.php?rest_route=\/wp\/v2\/pages\/222","targetHints":{"allow":["GET"]}}],"collection":[{"href":"https:\/\/securex.edu.pl\/index.php?rest_route=\/wp\/v2\/pages"}],"about":[{"href":"https:\/\/securex.edu.pl\/index.php?rest_route=\/wp\/v2\/types\/page"}],"author":[{"embeddable":true,"href":"https:\/\/securex.edu.pl\/index.php?rest_route=\/wp\/v2\/users\/1"}],"replies":[{"embeddable":true,"href":"https:\/\/securex.edu.pl\/index.php?rest_route=%2Fwp%2Fv2%2Fcomments&post=222"}],"version-history":[{"count":11,"href":"https:\/\/securex.edu.pl\/index.php?rest_route=\/wp\/v2\/pages\/222\/revisions"}],"predecessor-version":[{"id":387,"href":"https:\/\/securex.edu.pl\/index.php?rest_route=\/wp\/v2\/pages\/222\/revisions\/387"}],"wp:attachment":[{"href":"https:\/\/securex.edu.pl\/index.php?rest_route=%2Fwp%2Fv2%2Fmedia&parent=222"}],"curies":[{"name":"wp","href":"https:\/\/api.w.org\/{rel}","templated":true}]}}